he hundred thousands digit of 390736?
3
What is the hundred thousands digit of 5431362?
4
What is the units digit of 468830?
0
What is the ten thousands digit of 284368?
8
What is the thousands digit of 201601?
1
What is the tens digit of 3129480?
8
What is the tens digit of 86798?
9
What is the hundred thousands digit of 5129671?
1
What is the millions digit of 1184357?
1
What is the hundred thousands digit of 6155319?
1
What is the hundred thousands digit of 4485240?
4
What is the units digit of 226085?
5
What is the thousands digit of 130961?
0
What is the ten thousands digit of 687155?
8
What is the hundred thousands digit of 4914077?
9
What is the thousands digit of 3913962?
3
What is the hundred thousands digit of 1540782?
5
What is the tens digit of 2032688?
8
What is the hundreds digit of 1240774?
7
What is the ten thousands digit of 222617?
2
What is the hundred thousands digit of 16938255?
9
What is the thousands digit of 935452?
5
What is the hundred thousands digit of 1266490?
2
What is the hundreds digit of 472852?
8
What is the millions digit of 2207324?
2
What is the thousands digit of 539561?
9
What is the tens digit of 2358883?
8
What is the hundreds digit of 15295470?
4
What is the units digit of 920836?
6
What is the hundred thousands digit of 305871?
3
What is the units digit of 4225982?
2
What is the ten thousands digit of 70176?
7
What is the units digit of 74989?
9
What is the thousands digit of 707690?
7
What is the units digit of 87876?
6
What is the thousands digit of 510770?
0
What is the tens digit of 32342076?
7
What is the ten thousands digit of 5370965?
7
What is the hundreds digit of 9320420?
4
What is the units digit of 199671?
1
What is the ten millions digit of 14161386?
1
What is the hundreds digit of 185054?
0
What is the thousands digit of 24313754?
3
What is the ten millions digit of 16062615?
1
What is the hundred thousands digit of 404077?
4
What is the tens digit of 455944?
4
What is the thousands digit of 160460?
0
What is the tens digit of 617022?
2
What is the hundreds digit of 853808?
8
What is the thousands digit of 147953?
7
What is the units digit of 408474?
4
What is the hundred thousands digit of 1369465?
3
What is the thousands digit of 255379?
5
What is the hundred thousands digit of 240330?
2
What is the ten thousands digit of 3599831?
9
What is the millions digit of 4354327?
4
What is the tens digit of 6459237?
3
What is the thousands digit of 4902094?
2
What is the hundred thousands digit of 769940?
7
What is the thousands digit of 3091593?
1
What is the ten thousands digit of 189018?
8
What is the units digit of 3888135?
5
What is the units digit of 47423?
3
What is the thousands digit of 6020031?
0
What is the units digit of 2837799?
9
What is the hundreds digit of 1043637?
6
What is the units digit of 605665?
5
What is the hundreds digit of 670044?
0
What is the hundred thousands digit of 1704677?
7
What is the hundreds digit of 9555364?
3
What is the units digit of 5264748?
8
What is the units digit of 19055886?
6
What is the tens digit of 7715514?
1
What is the thousands digit of 23163?
3
What is the ten thousands digit of 331335?
3
What is the hundreds digit of 5371828?
8
What is the hundred thousands digit of 30347976?
3
What is the thousands digit of 6026608?
6
What is the ten thousands digit of 41228?
4
What is the hundred thousands digit of 3094301?
0
What is the ten thousands digit of 31604115?
0
What is the hundred thousands digit of 613296?
6
What is the thousands digit of 862355?
2
What is the units digit of 618426?
6
What is the units digit of 92534?
4
What is the thousands digit of 1268036?
8
What is the ten thousands digit of 1530526?
3
What is the ten thousands digit of 443931?
4
What is the units digit of 763666?
6
What is the millions digit of 28599170?
8
What is the hundred thousands digit of 12612037?
6
What is the ten thousands digit of 1080012?
8
What is the hundred thousands digit of 632899?
6
What is the hundreds digit of 711741?
7
What is the thousands digit of 3067995?
7
What is the hundred thousands digit of 3648991?
6
What is the hundreds digit of 233229?
2
What is the tens digit of 494495?
9
What is the ten thousands digit of 11584218?
8
What is the tens digit of 243343?
4
What is the tens digit of 579919?
1
What is the millions digit of 1964490?
1
What is the hundred thousands digit of 12550349?
5
What is the hundreds digit of 265137?
1
What is the hundreds digit of 27724?
7
What is the units digit of 157282?
2
What is the tens digit of 90334?
3
What is the tens digit of 5674184?
8
What is the hundred thousands digit of 298115?
2
What is the ten thousands digit of 34399?
3
What is the ten thousands digit of 118586?
1
What is the thousands digit of 339689?
9
What is the ten thousands digit of 642935?
4
What is the hundreds digit of 2463901?
9
What is the hundred thousands digit of 121869?
1
What is the hundreds digit of 174653?
6
What is the hundreds digit of 1909361?
3
What is the units digit of 15164662?
2
What is the ten thousands digit of 1206814?
0
What is the units digit of 324180?
0
What is the tens digit of 170664?
6
What is the units digit of 386114?
4
What is the thousands digit of 21504?
1
What is the hundreds digit of 4514094?
0
What is the ten thousands digit of 5234211?
3
What is the hundreds digit of 194601?
6
What is the millions digit of 1746680?
1
What is the thousands digit of 1597480?
7
What is the tens digit of 509017?
1
What is the millions digit of 3247193?
3
What is the thousands digit of 7509475?
9
What is the ten thousands digit of 2935429?
3
What is the ten millions digit of 10693947?
1
What is the hundreds digit of 2116196?
1
What is the units digit of 1687910?
0
What is the thousands digit of 15357942?
7
What is the hundred thousands digit of 2693662?
6
What is the units digit of 13158498?
8
What is the units digit of 333130?
0
What is the hundred thousands digit of 342775?
3
What is the thousands digit of 3005509?
5
What is the hundreds digit of 332024?
0
What is the tens digit of 4671239?
3
What is the hundred thousands digit of 171727?
1
What is the tens digit of 239733?
3
What is the units digit of 60226?
6
What is the ten thousands digit of 12115166?
1
What is the units digit of 2041230?
0
What is the hundred thousands digit of 497042?
4
What is the hundreds digit of 371750?
7
What is the millions digit of 7858989?
7
What is the hundreds digit of 581550?
5
What is the units digit of 149997?
7
What is the thousands digit of 151763?
1
What is the hundreds digit of 46594?
5
What is the thousands digit of 4690572?
0
What is the ten thousands digit of 464619?
6
What is the hundreds digit of 337580?
5
What is the thousands digit of 292087?
2
What is the ten thousands digit of 7761200?
6
What is the hundred thousands digit of 26079375?
0
What is the ten thousands digit of 9652356?
5
What is the hundreds digit of 419956?
9
What is the units digit of 12902?
2
What is the hundreds digit of 5927517?
5
What is the hundreds digit of 1772601?
6
What is the hundreds digit of 14212828?
8
What is the thousands digit of 2673969?
3
What is the thousands digit of 37643089?
3
What is the ten thousands digit of 3288470?
8
What is the tens digit of 9968420?
2
What is the ten thousands digit of 68941?
6
What is the tens digit of 1814486?
8
What is the units digit of 74915?
5
What is the tens digit of 337483?
8
What is the thousands digit of 1325363?
5
What is the tens digit of 5178018?
1
What is the thousands digit of 11920819?
0
What is the ten thousands digit of 315962?
1
What is the units digit of 3897976?
6
What is the ten thousands digit of 3368085?
6
What is the thousands digit of 925303?
5
What is the thousands digit of 7038898?
8
What is the ten thousands digit of 21437?
2
What is the hundred thousands digit of 1763120?
7
What is the tens digit of 136677?
7
What is the tens digit of 7953498?
9
What is the ten thousands digit of 11099116?
9
What is the tens digit of 478?
7
What is the hundred thousands digit of 272442?
2
What is the units digit of 710320?
0
What is the thousands digit of 336069?
6
What is the ten thousands digit of 21654685?
5
What is the tens digit of 10038378?
7
What is the thousands digit of 11955131?
5
What is the t